the remainder when l is divided by f?
17
Suppose 8*b - 3*b = 65. Calculate the remainder when 51 is divided by b.
12
Calculate the remainder when (2 - 0)*(-2 + 20) is divided by (-48)/84 - 1/(7/(-137)).
17
Suppose 3*d - o + 2*o = 288, 0 = -d + 5*o + 96. Calculate the remainder when d is divided by 25.
21
Let p(c) = -2*c**2 + 36*c - 11. Calculate the remainder when 114 is divided by p(17).
22
Let p(i) = -5*i - 10. Let s be p(-2). Suppose 2*m = -3*m + 285. Suppose -6*a = -a - 3*o - 58, 5*a - 2*o - m = s. What is the remainder when a is divided by 7?
4
Let h(j) be the second derivative of j**3/2 - 11*j**2/2 + 2*j. Suppose 2*v - 11 - 7 = 0. Calculate the remainder when h(v) is divided by 9.
7
Suppose 0*d - d + 12 = 0. Let k(z) = -z**3 + 16*z**2 - 29*z + 36. What is the remainder when k(14) is divided by d?
10
Suppose 5*w + 3*m = 29 + 16, 0 = -4*w + 3*m + 9. Suppose y - w - 3 = 0. Suppose -u + 8 = -17. Calculate the remainder when u is divided by y.
7
Let c(d) = -d**2 + 14*d - 13. Let j = 117 + -66. What is the remainder when j is divided by c(10)?
24
Let c(v) = -4*v**2 - 10*v + 9. Let r(i) = -7*i**2 - 19*i + 19. Let n(x) = -5*c(x) + 3*r(x). Calculate the remainder when 57 is divided by n(-7).
9
Suppose 2*u - 22 = 3*p - 67, 5*u + 67 = 4*p. Let d = -15 - -15. Suppose 5*n - 2*f = 29, n - p = 4*f - d*f. What is the remainder when 8 is divided by n?
3
Calculate the remainder when ((-9)/18)/((-1)/28) is divided by 4.
2
Let m(j) = j**3 - j**2 - 2*j - 3. Suppose -i - 59 = -76. What is the remainder when i is divided by m(3)?
8
Let u be ((-6)/(-15))/((-1)/5). Suppose b - 36 = -5*p, -b - 4*p = -3*b + 30. Calculate the remainder when ((-1)/2)/(u/244) is divided by b.
19
Let o(h) = h - 15. Let y be o(12). Let d be 2 + y*(-6)/9. Let b = 11 - d. Calculate the remainder when b is divided by 4.
3
Suppose -p + 2*z = -37 + 5, 101 = 3*p - z. Let r(s) = s**3 - 3*s**2 + 4*s - 3. What is the remainder when p is divided by r(3)?
7
Suppose 0 = 5*j + d - 207, 2*j - 27 = -4*d + 45. Let b = 51 + -36. What is the remainder when j is divided by b?
12
Suppose 0 = 2*d, 2*c - 39 = -2*d + 11. Let f = 96 + -47. Calculate the remainder when f is divided by c.
24
Let u = 98 - 29. What is the remainder when u is divided by 18?
15
Let j(v) = v**2 - v. Let b be j(2). Suppose -g + 3 = -b. What is the remainder when g is divided by 2?
1
Suppose -6*j = -j + 15. What is the remainder when (14/(-3))/((-4)/18) is divided by -2 - j - (-11 + 1)?
10
Let n = -113 + 116. What is the remainder when 12 is divided by n?
0
Suppose 2*p = 4*u + 3*p + 63, 5*u = 5*p - 85. Let q = 12 - u. What is the remainder when q is divided by 15?
13
Let d(o) = -o**2 + 2. Let s be d(0). Suppose 9 = y - s. What is the remainder when 19 is divided by y?
8
Suppose -5*y - 4 = f + 7, 4*f = -y - 6. What is the remainder when y/3 - (-310)/6 is divided by 18?
15
Let o(t) = -2*t**2 + 6*t - 2. Let h be o(4). Let g = h + 25. Let x(i) = i**3 - 9*i**2 + i. What is the remainder when g is divided by x(9)?
6
Let x = 15 - 21. Let o(r) = -r**2 - 7*r - 1. Calculate the remainder when 17 is divided by o(x).
2
Let k be (-68)/(-7) - 4/(-14). Suppose -i - k = -3*i. Let f(b) = -b**2 + 6*b. What is the remainder when 14 is divided by f(i)?
4
Suppose 2*k + 188 = 2*h + 3*k, -h + 88 = 2*k. Calculate the remainder when h is divided by 33.
30
Suppose 65*x = 72*x - 84. What is the remainder when 83 is divided by x?
11
Suppose 3 = 2*k + 1. Let b(p) = p**2 + p. Let i be b(0). Suppose i = 4*j + j - 5. What is the remainder when k is divided by j?
0
Calculate the remainder when ((-16)/6)/((-3)/54) is divided by 18.
12
Let b = -11 - 8. Let s = 37 + b. Calculate the remainder when 53 is divided by s.
17
Suppose -2*r + 4*j = 2*j - 6, j - 15 = -5*r. Let b(o) = 6*o + 2. What is the remainder when b(r) is divided by 11?
9
Suppose 0*k = -8*k + 48. What is the remainder when 94 is divided by k?
4
Let i(z) = z**3 + 10*z**2 - 2*z + 8. Let n be i(-10). What is the remainder when 85 is divided by 2/(-1) + (n - -3)?
27
Let l be (34/4)/(6/12). Let m = l - 10. Calculate the remainder when m is divided by 4.
3
Let l = 207 + -144. Calculate the remainder when l is divided by 17.
12
Let p(k) = -k - 5. Let l be p(-6). Let f(x) = 49*x**2 - 3*x - 7*x + 11*x. Calculate the remainder when f(l) is divided by 26.
24
Let i(w) = -15*w - 8. What is the remainder when i(-4) is divided by 18?
16
Suppose 12 = a + 4*c - 122, 3*a = 5*c + 368. Suppose -2*w - 4 = -4*w, -4*k + 3*w = -a. What is the remainder when k is divided by 17?
16
Let t(s) = s**3 + 3*s + 7. What is the remainder when 90 is divided by t(0)?
6
Suppose 0 = 4*a - 6 + 2, 0 = -f + 2*a - 10. Let i(z) = -3*z - 6. Calculate the remainder when i(f) is divided by 10.
8
Let f be 6 - 6 - (-2 - 1). Suppose n + f - 11 = 0. What is the remainder when 23 is divided by n?
7
Suppose -54 = 4*x - a, -1 = -2*a + 3. Let f = -5 - x. Let b(k) = k**3 + 5*k**2 - 10*k - 9. Calculate the remainder when b(-6) is divided by f.
7
Let v be ((-32)/(-10))/((-2)/(-10)). Suppose -2*y = -6*y + v. Calculate the remainder when 1/3 + 29/3 is divided by y.
2
Let r = -5 - -8. Suppose 5*t - 10 = -2*p + 21, 6 = -r*p. Let a(g) = 3*g**2 + 1. Calculate the remainder when t is divided by a(-1).
3
Let o be 1/(27/15 + -2). Let f be 0 + (0 - -1) - -1. Let s = f - o. What is the remainder when s is divided by 4?
3
Let l be (6/(-4))/(6/64). Let p = l - -22. Calculate the remainder when p is divided by 4.
2
Let d(o) = 9*o**3 + 2*o**2 - 1. Let p be (-1)/(3 - 2)*0. Suppose -4*k + 8 = 0, p = 5*m - 2*k + 11 - 197. Calculate the remainder when m is divided by d(1).
8
Let l be 20/8*8*2. Suppose -101 = -4*z - o, z + 5*o - 9 = l. What is the remainder when z is divided by 9?
6
Let m(b) = b**3 + 5*b**2 + 2*b - 1. Suppose 5*f - 4*l = 2, 2*f + 14 = f - 4*l. Calculate the remainder when 12 is divided by m(f).
5
Suppose 2*h = -p + 86, h - p - 172 = -3*h. What is the remainder when h is divided by 22?
21
Let s(b) = 5*b - 5. Suppose 3*f - 8*f + 22 = 2*l, 5*l = -20. What is the remainder when 97 is divided by s(f)?
22
Suppose 0 = 5*j - 2*k - 18, -2*j + 2*k = -4 - 2. Suppose -j*s - 59 = -5*z - 7*s, 5*z + 4*s = 62. Calculate the remainder when 18 is divided by z.
8
Let w(l) = l**2 + 8*l + 32. What is the remainder when w(-8) is divided by 7?
4
Suppose -o + 20 = -2*h, 4*o - 3*h - 62 = 3. Suppose -34 + 106 = 3*f + 3*s, 5*f - 126 = -2*s. What is the remainder when f is divided by o?
12
What is the remainder when (-6)/(-9)*(-4 + 52) is divided by 6?
2
Suppose 0 = -3*o + 2*v + 172, -3*o + v + 4*v = -178. Suppose -149 + o = -3*s. What is the remainder when s is divided by 11?
9
Suppose -66 = -2*s - 2*y - 2*y, 3*y = s - 13. Let a(i) = 6*i - 6. Let k be a(6). Let z = -21 + k. What is the remainder when s is divided by z?
7
Let r(h) = h**3 + 6*h**2 - 8*h - 2. What is the remainder when 12 is divided by r(-7)?
2
Suppose r = -4*m + 10, -3*r + 2*m - 27 = -85. Calculate the remainder when (105/(-25) - -5) + (-171)/(-5) is divided by r.
17
Let z(k) = k + 18. Let t(a) = -a - 18. Let u(g) = -3*t(g) - 2*z(g). Suppose 0 = -4*f + 113 + 27. What is the remainder when f is divided by u(0)?
17
Suppose 5*g = 3*a - 22, -3*a - 2*g - 5 - 8 = 0. Let p = 5 - a. What is the remainder when 22 is divided by p?
4
Let i = 62 + -35. Calculate the remainder when i is divided by 7.
6
Suppose 2*o = -3*h + 43 - 12, 0 = -5*h - 15. Let q = o - 2. Calculate the remainder when q is divided by 4.
2
Suppose 4 + 0 = 2*c. Suppose 3*i - 33 = -3*g, 0*g = c*g + 10. Let x = i + -11. Calculate the remainder when x is divided by 3.
2
Suppose 2*p = 3*p - 14. What is the remainder when 25 is divided by p?
11
Suppose 0 = -5*m + 58 + 152. Let a = m - 25. Calculate the remainder when 50 is divided by a.
16
Suppose 2*d = -2*d + 20. Let n be ((-3)/(-9))/(2/60). Suppose n = s - t + 3, 0 = 3*s - 4*t - 26. Calculate the remainder when d is divided by s.
1
Let y = 39 - 24. Suppose 3*c = 2*g + 26, -2*c + y - 3 = 4*g. What is the remainder when 13 is divided by c?
5
Suppose -227 = -3*o + 46. Calculate the remainder when o is divided by 32.
27
Let c be 24/(-12)*(-1 - 0). Calculate the remainder when 3 is divided by c/6 + 8/12.
0
Let m be 2/(-7) - (-4)/14. Suppose m = -2*c + 178 + 56. What is the remainder when 25 is divided by ((-2)/(-6))/(3/c)?
